{"id":3844,"date":"2025-10-15T09:48:35","date_gmt":"2025-10-15T07:48:35","guid":{"rendered":"https:\/\/shop.monochrom.at\/?post_type=product&#038;p=3844"},"modified":"2026-03-05T14:05:23","modified_gmt":"2026-03-05T13:05:23","slug":"orhan-kipcak-aus-dem-plotlexikon-d-wie-diktaphon","status":"publish","type":"product","link":"https:\/\/shop.monochrom.at\/?product=orhan-kipcak-aus-dem-plotlexikon-d-wie-diktaphon","title":{"rendered":"Orhan Kipcak &#8211; AUS DEM PLOTLEXIKON: D \u2013 wie Diktaphon"},"content":{"rendered":"","protected":false},"excerpt":{"rendered":"<div>\n<p>Einzeiler \/ Teaser: Ein Autor diktiert seltsame Einf\u00e4lle in ein altes Diktaphon \u2013 und diese werden sogleich Wirklichkeit! Aus den Tiefenschichten der Tonbandkassette taucht das Schicksal einer l\u00e4ngst verstorbenen Person auf. Spukhafte, magnetische Infektionen breiten sich aus und drohen den Autor selbst zu befallen.<\/p>\n<p>Motto: \u201eBeide Teile \/ stehn\u2019 in Eile \u2026\u201c (G.)<\/p>\n<p>Textzitat: \u00a0\u201e\u2026 Wir er\u00f6ffnen mit einem typischen Diktaphon-Ger\u00e4usch: dem Schnappen der Vorlauf-Taste, schnellem Vorw\u00e4rts-Spulen \u2013 dem hohen unverst\u00e4ndlichen Schnattern einer Tonband-Stimme, die, nach Einrasten der Stop-Funktion, im abrupten \u00dcbergang zu normaler Tonh\u00f6he wechselt. Die Stimme, vom Hintergrundrauschen des Magnetbandes umflort, hat die nasale Klangcharakteristik alter Band-Aufnahmen.\u201c<\/p>\n<\/div>\n<div>\n<p>AUS DEM PLOTLEXIKON (A-Z) ist eine stetig wachsende Reihe von Literatur-Fumettis mit Texten von\u00a0<span id=\"DWT490\" class=\"ZmSearchResult\"><span id=\"DWT508\" class=\"ZmSearchResult\">Orhan<\/span><\/span> Kipcak, begleitet, erg\u00e4nzt, erweitert durch Zeichnungen von Norbert Gmeindl. Jedes Fumetti hat 24 Seiten Umfang: Atmosph\u00e4rische Handlungen, wenig Psychologie, kein Innenleben!<\/p>\n<\/div>\n","protected":false},"featured_media":3845,"comment_status":"open","ping_status":"closed","template":"","meta":[],"class_list":{"0":"post-3844","1":"product","2":"type-product","3":"status-publish","4":"has-post-thumbnail","6":"product_cat-buecher","7":"product_cat-literatur","8":"product_cat-neu","9":"product_cat-plotlexikon","10":"description-off","12":"first","13":"instock","14":"taxable","15":"shipping-taxable","16":"purchasable","17":"product-type-simple"},"_links":{"self":[{"href":"https:\/\/shop.monochrom.at\/index.php?rest_route=\/wp\/v2\/product\/3844"}],"collection":[{"href":"https:\/\/shop.monochrom.at\/index.php?rest_route=\/wp\/v2\/product"}],"about":[{"href":"https:\/\/shop.monochrom.at\/index.php?rest_route=\/wp\/v2\/types\/product"}],"replies":[{"embeddable":true,"href":"https:\/\/shop.monochrom.at\/index.php?rest_route=%2Fwp%2Fv2%2Fcomments&post=3844"}],"wp:featuredmedia":[{"embeddable":true,"href":"https:\/\/shop.monochrom.at\/index.php?rest_route=\/wp\/v2\/media\/3845"}],"wp:attachment":[{"href":"https:\/\/shop.monochrom.at\/index.php?rest_route=%2Fwp%2Fv2%2Fmedia&parent=3844"}],"curies":[{"name":"wp","href":"https:\/\/api.w.org\/{rel}","templated":true}]}}