{"id":3814,"date":"2025-06-19T14:06:53","date_gmt":"2025-06-19T12:06:53","guid":{"rendered":"https:\/\/shop.monochrom.at\/?post_type=product&#038;p=3814"},"modified":"2025-06-19T14:08:12","modified_gmt":"2025-06-19T12:08:12","slug":"barbara-philipp-blind-spot-blinder-fleck","status":"publish","type":"product","link":"https:\/\/shop.monochrom.at\/?product=barbara-philipp-blind-spot-blinder-fleck","title":{"rendered":"Barbara Philipp &#8211; Blind Spot \/ Blinder Fleck"},"content":{"rendered":"","protected":false},"excerpt":{"rendered":"<p>Barbara Philipp ist eine \u00f6sterreichische K\u00fcnstlerin, deren Arbeiten an den Schnittstellen zwischen Kunst, Gesellschaft und pers\u00f6nlichen Erfahrungen verortet sind. Ihr Katalog Blind Spot ist eine k\u00fcnstlerische Reflexion \u00fcber die Themen Wahrnehmung, Care-Arbeit und die unsichtbaren Perspektiven innerhalb unserer sozialen und kulturellen Strukturen. Durch ihren interdisziplin\u00e4ren Zugang aus Zeichnung, Installation und Performance beleuchtet sie den sogenannten \u201eblinden Fleck\u201c ein physisches und metaphorisches Konzept, das sowohl den unbewussten Teil unseres Sehfeldes als auch das kollektive Nicht-Wahrnehmen gesellschaftlicher Missst\u00e4nde umfasst. Das K\u00fcnstlerinnenbuch Blind Spot ist nicht nur eine Auseinandersetzung mit der Wahrnehmung und dem Unsichtbaren, sondern auch eine politische und soziale Stellungnahme. Es stellt die Frage, wie Kunst die unsichtbaren, oft ignorierten Dimensionen unseres Zusammenlebens reflektieren und sichtbar machen kann. Barbara Philipp er\u00f6ffnet mit ihrem Werk einen Raum f\u00fcr die notwendige Diskussion \u00fcber die Gleichwertigkeit von Kunst und CareArbeit und die F\u00f6rderung einer nachhaltigeren, inklusiveren Kunstkultur, die auch die unsichtbaren Dimensionen des kreativen Schaffens anerkennt.<\/p>\n","protected":false},"featured_media":3815,"comment_status":"open","ping_status":"closed","template":"","meta":[],"class_list":{"0":"post-3814","1":"product","2":"type-product","3":"status-publish","4":"has-post-thumbnail","6":"product_cat-buecher","7":"product_cat-kunstbuecher","8":"product_cat-neu","9":"description-off","11":"first","12":"instock","13":"taxable","14":"shipping-taxable","15":"purchasable","16":"product-type-simple"},"_links":{"self":[{"href":"https:\/\/shop.monochrom.at\/index.php?rest_route=\/wp\/v2\/product\/3814"}],"collection":[{"href":"https:\/\/shop.monochrom.at\/index.php?rest_route=\/wp\/v2\/product"}],"about":[{"href":"https:\/\/shop.monochrom.at\/index.php?rest_route=\/wp\/v2\/types\/product"}],"replies":[{"embeddable":true,"href":"https:\/\/shop.monochrom.at\/index.php?rest_route=%2Fwp%2Fv2%2Fcomments&post=3814"}],"wp:featuredmedia":[{"embeddable":true,"href":"https:\/\/shop.monochrom.at\/index.php?rest_route=\/wp\/v2\/media\/3815"}],"wp:attachment":[{"href":"https:\/\/shop.monochrom.at\/index.php?rest_route=%2Fwp%2Fv2%2Fmedia&parent=3814"}],"curies":[{"name":"wp","href":"https:\/\/api.w.org\/{rel}","templated":true}]}}