{"id":3741,"date":"2024-09-16T20:40:16","date_gmt":"2024-09-16T18:40:16","guid":{"rendered":"https:\/\/shop.monochrom.at\/?post_type=product&#038;p=3741"},"modified":"2026-03-05T14:04:48","modified_gmt":"2026-03-05T13:04:48","slug":"orhan-kipcak-aus-dem-plotlexikon-c-cowboy","status":"publish","type":"product","link":"https:\/\/shop.monochrom.at\/?product=orhan-kipcak-aus-dem-plotlexikon-c-cowboy","title":{"rendered":"Orhan Kipcak &#8211; AUS DEM PLOTLEXIKON: C &#8211; Wie COWBOY"},"content":{"rendered":"","protected":false},"excerpt":{"rendered":"<div>\n<p>Einzeiler \/ Teaser: Emigranten, das Lied der Pr\u00e4rie und die Russen in Wien<\/p>\n<p>Motto: \u201eThere&#8217;s soda pop and the dancin&#8217;s free \/ So, if you wanna have fun \/ come along with me.\u201d<\/p>\n<p>Inhalt: Berthold Viertel, dessen Ruhm als Theater- und Filmregisseur in den Jahren der Emigration verbla\u00dft ist, kehrt nach dem Krieg ins besetzte Wien zur\u00fcck. Gemeinsam mit Herta Herzog, einer temperamentvollen Reklamespezialistin in den Diensten der Amerikaner, ger\u00e4t er in eine Intrige gegen die sowjetische Besatzungsmacht, eine Intrige, in deren Mittelpunkt schon bald der Country-S\u00e4nger Hank Williams steht. Doch die Russen schlafen nicht &#8230;<\/p>\n<\/div>\n<div>\n<p>AUS DEM PLOTLEXIKON (A-Z) ist eine stetig wachsende Reihe von Literatur-Fumettis mit Texten von\u00a0<span id=\"DWT490\" class=\"ZmSearchResult\"><span id=\"DWT508\" class=\"ZmSearchResult\">Orhan<\/span><\/span>\u00a0Kipcak, begleitet, erg\u00e4nzt, erweitert durch Zeichnungen von Norbert Gmeindl. Jedes Fumetti hat 24 Seiten Umfang: Atmosph\u00e4rische Handlungen, wenig Psychologie, kein Innenleben!<\/p>\n<p>C &#8211; WIE COWBOY gibt es auch als H\u00f6rst\u00fcck, gelesen von <span id=\"DWT492\" class=\"ZmSearchResult\"><span id=\"DWT510\" class=\"ZmSearchResult\">Orhan<\/span><\/span> Kipcak. Zu finden auf der monochrom-Musikseite \u2013 vorerst gratis! <a href=\"https:\/\/shop.monochrom.at\/?product=aus-dem-plotlexikon-x-y-s-horstucke\">https:\/\/shop.monochrom.at\/?product=aus-dem-plotlexikon-x-y-s-horstucke<\/a><\/p>\n<\/div>\n","protected":false},"featured_media":3742,"comment_status":"open","ping_status":"closed","template":"","meta":[],"class_list":{"0":"post-3741","1":"product","2":"type-product","3":"status-publish","4":"has-post-thumbnail","6":"product_cat-buecher","7":"product_cat-literatur","8":"product_cat-neu","9":"product_cat-plotlexikon","10":"description-off","12":"first","13":"instock","14":"taxable","15":"shipping-taxable","16":"purchasable","17":"product-type-simple"},"_links":{"self":[{"href":"https:\/\/shop.monochrom.at\/index.php?rest_route=\/wp\/v2\/product\/3741"}],"collection":[{"href":"https:\/\/shop.monochrom.at\/index.php?rest_route=\/wp\/v2\/product"}],"about":[{"href":"https:\/\/shop.monochrom.at\/index.php?rest_route=\/wp\/v2\/types\/product"}],"replies":[{"embeddable":true,"href":"https:\/\/shop.monochrom.at\/index.php?rest_route=%2Fwp%2Fv2%2Fcomments&post=3741"}],"wp:featuredmedia":[{"embeddable":true,"href":"https:\/\/shop.monochrom.at\/index.php?rest_route=\/wp\/v2\/media\/3742"}],"wp:attachment":[{"href":"https:\/\/shop.monochrom.at\/index.php?rest_route=%2Fwp%2Fv2%2Fmedia&parent=3741"}],"curies":[{"name":"wp","href":"https:\/\/api.w.org\/{rel}","templated":true}]}}