{"id":3707,"date":"2024-05-14T12:42:54","date_gmt":"2024-05-14T10:42:54","guid":{"rendered":"https:\/\/shop.monochrom.at\/?post_type=product&#038;p=3707"},"modified":"2024-12-09T21:00:04","modified_gmt":"2024-12-09T20:00:04","slug":"getiere-ein-projekt-zu-lokaler-und-digitaler-mythenbildung","status":"publish","type":"product","link":"https:\/\/shop.monochrom.at\/?product=getiere-ein-projekt-zu-lokaler-und-digitaler-mythenbildung","title":{"rendered":"Getiere. Ein Projekt zu lokaler und digitaler Mythenbildung"},"content":{"rendered":"","protected":false},"excerpt":{"rendered":"<p>Getiere sind humorvolle Artefakte digitaler wie regionaler Kultur. Dabei demysthifizieren sie zeitgen\u00f6ssische wie traditionelle Rahmungen, und in den Er\u00f6ffnungsworten zur Ausstellung von Museumsleiterin Andrea Dillinger: Die Qualit\u00e4t der k\u00fcnstlerischen Bezugnahme auf die Sammlung erm\u00f6glicht neue Rezeptionsfenster.<\/p>\n","protected":false},"featured_media":3708,"comment_status":"open","ping_status":"closed","template":"","meta":[],"class_list":{"0":"post-3707","1":"product","2":"type-product","3":"status-publish","4":"has-post-thumbnail","6":"product_cat-buecher","7":"product_cat-kunstbuecher","8":"product_cat-neu","9":"description-off","11":"first","12":"instock","13":"taxable","14":"shipping-taxable","15":"purchasable","16":"product-type-simple"},"_links":{"self":[{"href":"https:\/\/shop.monochrom.at\/index.php?rest_route=\/wp\/v2\/product\/3707"}],"collection":[{"href":"https:\/\/shop.monochrom.at\/index.php?rest_route=\/wp\/v2\/product"}],"about":[{"href":"https:\/\/shop.monochrom.at\/index.php?rest_route=\/wp\/v2\/types\/product"}],"replies":[{"embeddable":true,"href":"https:\/\/shop.monochrom.at\/index.php?rest_route=%2Fwp%2Fv2%2Fcomments&post=3707"}],"wp:featuredmedia":[{"embeddable":true,"href":"https:\/\/shop.monochrom.at\/index.php?rest_route=\/wp\/v2\/media\/3708"}],"wp:attachment":[{"href":"https:\/\/shop.monochrom.at\/index.php?rest_route=%2Fwp%2Fv2%2Fmedia&parent=3707"}],"curies":[{"name":"wp","href":"https:\/\/api.w.org\/{rel}","templated":true}]}}