{"id":3534,"date":"2023-06-13T21:28:12","date_gmt":"2023-06-13T19:28:12","guid":{"rendered":"https:\/\/shop.monochrom.at\/?post_type=product&#038;p=3534"},"modified":"2026-03-05T14:03:25","modified_gmt":"2026-03-05T13:03:25","slug":"orhan-kipcak-aus-dem-plotlexikon-s-wie-showdown","status":"publish","type":"product","link":"https:\/\/shop.monochrom.at\/?product=orhan-kipcak-aus-dem-plotlexikon-s-wie-showdown","title":{"rendered":"Orhan Kipcak &#8211; AUS DEM PLOTLEXIKON: S &#8211; Wie Showdown"},"content":{"rendered":"","protected":false},"excerpt":{"rendered":"<p>Einzeiler \/ Teaser: (Selbst)m\u00f6rderisches Opernfinale<\/p>\n<p>Motto: \u201eIl teatro e la vita non son la stessa cosa\u201c<\/p>\n<p>Textzitat: \u201eEin Orchestervorspiel tobt. Klangfetzen dr\u00e4n\u00adgen voran, indes Kontrab\u00e4sse und Pauken ein schicksalsschweres Ostinato stampfen. Eine Frau schreitet einen Wiesenpfad entlang. Hinter ihr ein Waldsaum, vor ihr ein Gebirgspanorama. Das Gras ist nass\u2026.\u201c<\/p>\n<p>AUS DEM PLOTLEXIKON (A-Z) ist eine stetig wachsende Reihe von Literatur-Fumettis mit Texten von Orhan Kipcak, begleitet, erg\u00e4nzt, erweitert durch Zeichnungen von Norbert Gmeindl. Jedes Fumetti hat 24 Seiten Umfang: Atmosph\u00e4rische Handlungen, wenig Psychologie, kein Innenleben!<\/p>\n<p>S \u2014 WIE SHOWDOWN gibt es auch als H\u00f6rst\u00fcck in zwei Varianten, einmal trocken gelesen von Bettina Gjecai und Orhan Kipcak und dann noch als Musikst\u00fcck gestaltet von Curd Duca. Zu finden auf der monochrom Musikseite \u2013 vorerst gratis! <a href=\"https:\/\/shop.monochrom.at\/?product=aus-dem-plotlexikon-x-y-s-horstucke\">https:\/\/shop.monochrom.at\/?product=aus-dem-plotlexikon-x-y-s-horstucke<\/a><\/p>\n","protected":false},"featured_media":3535,"comment_status":"open","ping_status":"closed","template":"","meta":[],"class_list":{"0":"post-3534","1":"product","2":"type-product","3":"status-publish","4":"has-post-thumbnail","6":"product_cat-buecher","7":"product_cat-literatur","8":"product_cat-neu","9":"product_cat-plotlexikon","10":"description-off","12":"first","13":"instock","14":"taxable","15":"shipping-taxable","16":"purchasable","17":"product-type-simple"},"_links":{"self":[{"href":"https:\/\/shop.monochrom.at\/index.php?rest_route=\/wp\/v2\/product\/3534"}],"collection":[{"href":"https:\/\/shop.monochrom.at\/index.php?rest_route=\/wp\/v2\/product"}],"about":[{"href":"https:\/\/shop.monochrom.at\/index.php?rest_route=\/wp\/v2\/types\/product"}],"replies":[{"embeddable":true,"href":"https:\/\/shop.monochrom.at\/index.php?rest_route=%2Fwp%2Fv2%2Fcomments&post=3534"}],"wp:featuredmedia":[{"embeddable":true,"href":"https:\/\/shop.monochrom.at\/index.php?rest_route=\/wp\/v2\/media\/3535"}],"wp:attachment":[{"href":"https:\/\/shop.monochrom.at\/index.php?rest_route=%2Fwp%2Fv2%2Fmedia&parent=3534"}],"curies":[{"name":"wp","href":"https:\/\/api.w.org\/{rel}","templated":true}]}}