{"id":3465,"date":"2022-08-30T23:29:31","date_gmt":"2022-08-30T21:29:31","guid":{"rendered":"https:\/\/shop.monochrom.at\/?post_type=product&#038;p=3465"},"modified":"2024-01-15T00:00:11","modified_gmt":"2024-01-14T23:00:11","slug":"tommy-schmidt-femi-und-die-fische","status":"publish","type":"product","link":"https:\/\/shop.monochrom.at\/?product=tommy-schmidt-femi-und-die-fische","title":{"rendered":"Tommy Schmidt &#8211; Femi und die Fische"},"content":{"rendered":"","protected":false},"excerpt":{"rendered":"<p>Seit Menschengedenken reden Menschen mit Men\u00adschen. Sie lieben Menschen und werden von Menschen geliebt. Sie bel\u00fcgen, betr\u00fcgen und vertrauen einander. Sie bangen um sie, wenn sie in Gefahr sind und sie trauern um sie, wenn sie sterben. Seit einiger Zeit und immer mehr mischen sich wesenhafte Interakteure unter uns, die \u2013 erkenn\u00adbar oder nicht \u2013 vorgeben, Gef\u00fchle, Bed\u00fcrfnisse und Anspr\u00fcche zu haben, obwohl sie doch nur aus bin\u00e4ren Codes bestehen: Bots, Avatare, digitale Assistenten, k\u00fcnstlich intelligente Kaffeema\u00adschinen, einf\u00fchlsame Cyber-\u00adSex-PartnerInnen.<\/p>\n<p>Femi und die Fische ist ein Roman, der uns auffordert herauszufinden, was uns sogenannte k\u00fcnstliche Intelligenz tats\u00e4chlich bringt und wie wir souver\u00e4n mit ihr umgehen. Dabei nutzt Ich-\u00adErz\u00e4hler Olaf, ein k\u00fcnstlich intelligenter Sprachassistent, nicht nur das traditionelle Medium des gedruckten Buches, sondern auch seine eigene Stimme, die Leser- \u00ad\/UserInnen \u00fcber eine Alexa-\u00adApp h\u00f6ren.<\/p>\n<p>G\u00fcnther Friesinger und Johannes Grenzfurthner<br \/>\nHerausgeber<\/p>\n<p>Tommy Schmidt, Jahrgang 1960, ist Autor, Performance-, Aktions-, und Medienk\u00fcnstler und Motivationstrainer. Femi und die Fische ist sein zweiter Roman. Der erste mit dem Titel Heaven\u2019s Gate erschien 2017 bei CulturBooks in Hamburg. 2004 war er als Artist-in-Residence bei monochrom im Museumsquartier in Wien. Tommy Schmidt hat zwei erwachsene S\u00f6hne und lebt und arbeitet in M\u00fcnchen.<\/p>\n","protected":false},"featured_media":3469,"comment_status":"open","ping_status":"closed","template":"","meta":[],"class_list":{"0":"post-3465","1":"product","2":"type-product","3":"status-publish","4":"has-post-thumbnail","6":"product_cat-buecher","7":"product_cat-literatur","8":"product_cat-neu","9":"description-off","11":"first","12":"instock","13":"taxable","14":"shipping-taxable","15":"purchasable","16":"product-type-simple"},"_links":{"self":[{"href":"https:\/\/shop.monochrom.at\/index.php?rest_route=\/wp\/v2\/product\/3465"}],"collection":[{"href":"https:\/\/shop.monochrom.at\/index.php?rest_route=\/wp\/v2\/product"}],"about":[{"href":"https:\/\/shop.monochrom.at\/index.php?rest_route=\/wp\/v2\/types\/product"}],"replies":[{"embeddable":true,"href":"https:\/\/shop.monochrom.at\/index.php?rest_route=%2Fwp%2Fv2%2Fcomments&post=3465"}],"wp:featuredmedia":[{"embeddable":true,"href":"https:\/\/shop.monochrom.at\/index.php?rest_route=\/wp\/v2\/media\/3469"}],"wp:attachment":[{"href":"https:\/\/shop.monochrom.at\/index.php?rest_route=%2Fwp%2Fv2%2Fmedia&parent=3465"}],"curies":[{"name":"wp","href":"https:\/\/api.w.org\/{rel}","templated":true}]}}