{"id":3459,"date":"2022-08-30T22:08:53","date_gmt":"2022-08-30T20:08:53","guid":{"rendered":"https:\/\/shop.monochrom.at\/?post_type=product&#038;p=3459"},"modified":"2024-01-15T00:00:08","modified_gmt":"2024-01-14T23:00:08","slug":"preis-der-freien-szene-wiens-2022","status":"publish","type":"product","link":"https:\/\/shop.monochrom.at\/?product=preis-der-freien-szene-wiens-2022","title":{"rendered":"Preis der freien Szene Wiens 2022"},"content":{"rendered":"","protected":false},"excerpt":{"rendered":"<div class=\"col-xs-6 col-sm-9 main\">\n<div class=\"form-horizontal hidden-xs\">\n<div id=\"ember585\" class=\"ember-view\">\n<div class=\"form-group \">\n<div class=\"col-sm-8\">\n<p class=\"form-control-static\">Seit 2004 vergibt die IG Kultur Wien den von der Stadt Wien finanzierten Preis der freien Szene. Ziel ist, die Sichtbarkeit und Vernetzung der freien und autonomen Kunst- und Kulturarbeiter*innen zu st\u00e4rken und die Vielfalt der Szene abzubilden. Man glaubt es kaum: Trotz Veranstaltungsverboten und erschwerten Bedingungen umfasst der Katalog zum Preis der freien Szene Wien 144 Seiten. Der Preis der freien Szene gibt einen Eindruck dar\u00fcber, wie vielf\u00e4ltig, wendig und vor allem stark die Szene ist. Das Durchschm\u00f6kern der n\u00e4chsten Seiten soll Lust machen, motivieren und uns allen zeigen, wozu wir in der Lage sind.<\/p>\n<\/div>\n<\/div>\n<\/div>\n<\/div>\n<\/div>\n","protected":false},"featured_media":3460,"comment_status":"open","ping_status":"closed","template":"","meta":[],"class_list":{"0":"post-3459","1":"product","2":"type-product","3":"status-publish","4":"has-post-thumbnail","6":"product_cat-buecher","7":"product_cat-ig-kultur-wien","8":"product_cat-neu","9":"description-off","11":"first","12":"instock","13":"taxable","14":"shipping-taxable","15":"purchasable","16":"product-type-simple"},"_links":{"self":[{"href":"https:\/\/shop.monochrom.at\/index.php?rest_route=\/wp\/v2\/product\/3459"}],"collection":[{"href":"https:\/\/shop.monochrom.at\/index.php?rest_route=\/wp\/v2\/product"}],"about":[{"href":"https:\/\/shop.monochrom.at\/index.php?rest_route=\/wp\/v2\/types\/product"}],"replies":[{"embeddable":true,"href":"https:\/\/shop.monochrom.at\/index.php?rest_route=%2Fwp%2Fv2%2Fcomments&post=3459"}],"wp:featuredmedia":[{"embeddable":true,"href":"https:\/\/shop.monochrom.at\/index.php?rest_route=\/wp\/v2\/media\/3460"}],"wp:attachment":[{"href":"https:\/\/shop.monochrom.at\/index.php?rest_route=%2Fwp%2Fv2%2Fmedia&parent=3459"}],"curies":[{"name":"wp","href":"https:\/\/api.w.org\/{rel}","templated":true}]}}