{"id":3182,"date":"2020-11-02T14:19:17","date_gmt":"2020-11-02T13:19:17","guid":{"rendered":"https:\/\/testing.pixelcat.at\/?post_type=product&#038;p=3182"},"modified":"2024-01-15T00:00:15","modified_gmt":"2024-01-14T23:00:15","slug":"preis-der-freien-szene-wiens-2020","status":"publish","type":"product","link":"https:\/\/shop.monochrom.at\/?product=preis-der-freien-szene-wiens-2020","title":{"rendered":"Preis der freien Szene Wiens 2020"},"content":{"rendered":"","protected":false},"excerpt":{"rendered":"<div class=\"col-xs-6 col-sm-9 main\">\n<div class=\"form-horizontal hidden-xs\">\n<div id=\"ember585\" class=\"ember-view\">\n<div class=\"form-group \">\n<div class=\"col-sm-8\">\n<p class=\"form-control-static\">Seit 2004 vergibt die IG Kultur Wien den von der Stadt Wien finanzierten Preis der freien Szene. Ziel ist, die Sichtbarkeit und Vernetzung der freien und autonomen Kunst- und Kulturarbeiter*innen zu st\u00e4rken und die Vielfalt der Szene abzubilden. Im Jahr 2020 wurden 87 Projekte f\u00fcr den Preis der freien Szene eingereicht. Einige der Projekte erz\u00e4hlen auch von Notl\u00f6sungen im virtuellen Raum, und es entstanden neue Initiativen auf Grund der unsicheren Zust\u00e4nde. In jedem Fall w\u00fcrde jedes einzelne Projekt einen Preis verdienen, weil sie alle die Stadt zu dem machen, was sie ist.<\/p>\n<\/div>\n<\/div>\n<\/div>\n<\/div>\n<\/div>\n","protected":false},"featured_media":3183,"comment_status":"open","ping_status":"closed","template":"","meta":[],"class_list":{"0":"post-3182","1":"product","2":"type-product","3":"status-publish","4":"has-post-thumbnail","6":"product_cat-buecher","7":"product_cat-ig-kultur-wien","8":"product_cat-neu","9":"description-off","11":"first","12":"instock","13":"taxable","14":"shipping-taxable","15":"purchasable","16":"product-type-simple"},"_links":{"self":[{"href":"https:\/\/shop.monochrom.at\/index.php?rest_route=\/wp\/v2\/product\/3182"}],"collection":[{"href":"https:\/\/shop.monochrom.at\/index.php?rest_route=\/wp\/v2\/product"}],"about":[{"href":"https:\/\/shop.monochrom.at\/index.php?rest_route=\/wp\/v2\/types\/product"}],"replies":[{"embeddable":true,"href":"https:\/\/shop.monochrom.at\/index.php?rest_route=%2Fwp%2Fv2%2Fcomments&post=3182"}],"wp:featuredmedia":[{"embeddable":true,"href":"https:\/\/shop.monochrom.at\/index.php?rest_route=\/wp\/v2\/media\/3183"}],"wp:attachment":[{"href":"https:\/\/shop.monochrom.at\/index.php?rest_route=%2Fwp%2Fv2%2Fmedia&parent=3182"}],"curies":[{"name":"wp","href":"https:\/\/api.w.org\/{rel}","templated":true}]}}