{"id":2999,"date":"2009-12-31T01:00:04","date_gmt":"2009-12-31T00:00:04","guid":{"rendered":"https:\/\/testing.pixelcat.at\/?post_type=product&#038;p=2999"},"modified":"2024-01-15T00:01:09","modified_gmt":"2024-01-14T23:01:09","slug":"schutzverletzungen","status":"publish","type":"product","link":"https:\/\/shop.monochrom.at\/?product=schutzverletzungen","title":{"rendered":"Schutzverletzungen"},"content":{"rendered":"","protected":false},"excerpt":{"rendered":"<h4>Legitimation medialer Gewalt<\/h4>\n<p class=\"align-justify\">Die m\u00f6glichen Verbindungen von \u201eMedien\u201c und \u201eGewalt\u201c sind in der wissenschaftlichen Welt schon unter den verschiedensten Vorzeichen diskutiert und behandelt worden. Ziel der vorliegenden Publikation ist es, entgegen der weitverbreiteten medienp\u00e4dagogischen Fragestellungen zu versuchen, sich mit der Medialisierung von Gewalt und der \u00dcbernahme der (realen) Gewalt in die Welt der Medien sowie der Frage nach der (mitunter ebenfalls medialen) Legitimierung der Darstellung von Gewalt in den Medien auseinanderzusetzen und zu neuen L\u00f6sungsans\u00e4tzen zu finden.<\/p>\n<h5>Mit Beitr\u00e4gen von<\/h5>\n<p class=\"align-justify\">Thomas Ballhausen, Thomas Brandstetter, Martin B\u00fcsser, Barbara Eichinger, G\u00fcnther Friesinger, Johannes Grenzfurthner, Julia Barbara K\u00f6hne, G\u00fcnter Krenn, Elena Messner, J\u00f6rg Metelmann, Mela Mikes, Tine Plesch und Thomas Schunke.<\/p>\n<p class=\"bodytext\">\n","protected":false},"featured_media":3000,"comment_status":"open","ping_status":"closed","template":"","meta":[],"class_list":{"0":"post-2999","1":"product","2":"type-product","3":"status-publish","4":"has-post-thumbnail","6":"product_cat-buch-kooperationen","7":"product_cat-buecher","8":"product_cat-theorie","9":"product_cat-verbrecher-verlag","10":"description-off","12":"first","13":"instock","14":"taxable","15":"shipping-taxable","16":"purchasable","17":"product-type-simple"},"_links":{"self":[{"href":"https:\/\/shop.monochrom.at\/index.php?rest_route=\/wp\/v2\/product\/2999"}],"collection":[{"href":"https:\/\/shop.monochrom.at\/index.php?rest_route=\/wp\/v2\/product"}],"about":[{"href":"https:\/\/shop.monochrom.at\/index.php?rest_route=\/wp\/v2\/types\/product"}],"replies":[{"embeddable":true,"href":"https:\/\/shop.monochrom.at\/index.php?rest_route=%2Fwp%2Fv2%2Fcomments&post=2999"}],"wp:featuredmedia":[{"embeddable":true,"href":"https:\/\/shop.monochrom.at\/index.php?rest_route=\/wp\/v2\/media\/3000"}],"wp:attachment":[{"href":"https:\/\/shop.monochrom.at\/index.php?rest_route=%2Fwp%2Fv2%2Fmedia&parent=2999"}],"curies":[{"name":"wp","href":"https:\/\/api.w.org\/{rel}","templated":true}]}}

<h4>Legitimation medialer Gewalt</h4>
<p class="align-justify">Die möglichen Verbindungen von „Medien“ und „Gewalt“ sind in der wissenschaftlichen Welt schon unter den verschiedensten Vorzeichen diskutiert und behandelt worden. Ziel der vorliegenden Publikation ist es, entgegen der weitverbreiteten medienpädagogischen Fragestellungen zu versuchen, sich mit der Medialisierung von Gewalt und der Übernahme der (realen) Gewalt in die Welt der Medien sowie der Frage nach der (mitunter ebenfalls medialen) Legitimierung der Darstellung von Gewalt in den Medien auseinanderzusetzen und zu neuen Lösungsansätzen zu finden.</p>
<h5>Mit Beiträgen von</h5>
<p class="align-justify">Thomas Ballhausen, Thomas Brandstetter, Martin Büsser, Barbara Eichinger, Günther Friesinger, Johannes Grenzfurthner, Julia Barbara Köhne, Günter Krenn, Elena Messner, Jörg Metelmann, Mela Mikes, Tine Plesch und Thomas Schunke.</p>
<p class="bodytext">
