{"id":2897,"date":"2010-09-10T14:14:34","date_gmt":"2010-09-10T12:14:34","guid":{"rendered":"https:\/\/testing.pixelcat.at\/?post_type=product&#038;p=2897"},"modified":"2024-01-15T00:01:04","modified_gmt":"2024-01-14T23:01:04","slug":"mind-and-matter","status":"publish","type":"product","link":"https:\/\/shop.monochrom.at\/?product=mind-and-matter","title":{"rendered":"Mind and Matter"},"content":{"rendered":"","protected":false},"excerpt":{"rendered":"<h4 class=\"singleTitle\">paraflows 10<\/h4>\n<p>Im 5. Jahr des Festivals paraflows in Wien geht es um die Verschr\u00e4nkung von Programm und Objekt. Die Trennung von Hardware und Software ist eine der Informationstechnologie zu Grunde liegende und oftmals werden beide Systeme als von einander getrennt wahrgenommen und verhandelt. paraflows .10 \u2013 MIND AND MATTER will das Miteinander, Nebeneinander und auch die gegenseitige Bedingtheit von Hard- und Software, Inhalt und Objekt in der zeitgen\u00f6ssischen Kunst zeigen. Welche Rolle spielt Hardware in der medialen Infrastruktur \u2013 wie sieht das Netz tats\u00e4chlich aus, auf welchen realen Pfeilern ruht die Virtualit\u00e4t? Wie sieht der skulpturale Prozess aus einem technologischen Blickwinkel aus? Welche Auswirkungen haben technische M\u00f6glichkeiten auf physische Repr\u00e4sentanz? Welchen Herausforderungen muss sich die mediale Kunst stellen, wenn es um die Konservierung und Erhaltung von Arbeiten geht? Zus\u00e4tzlich zu Applikationen muss auch die korrespondierende Hardware erhalten werden. Wie wirkt sich Zeit auf technologiebasierte Werke, Produktionsbedingungen und auch Archive aus? Geist und K\u00f6rper sind untrennbar miteinander verbunden und doch besteht die Versuchung mentale Prozesse von der k\u00f6rperlichen Basis getrennt zu betrachten. Gibt es Gedanken, Pers\u00f6nlichkeit und Intelligenz ohne K\u00f6rper? Oder in welchem Verh\u00e4ltnis steht das \u00e4sthetische Bild der Technologie zu seinem Kontext, welche Querverbindungen werden geschaffen?<\/p>\n","protected":false},"featured_media":2898,"comment_status":"open","ping_status":"closed","template":"","meta":[],"class_list":{"0":"post-2897","1":"product","2":"type-product","3":"status-publish","4":"has-post-thumbnail","6":"product_cat-buecher","7":"product_cat-paraflows","8":"description-off","10":"first","11":"instock","12":"taxable","13":"shipping-taxable","14":"purchasable","15":"product-type-simple"},"_links":{"self":[{"href":"https:\/\/shop.monochrom.at\/index.php?rest_route=\/wp\/v2\/product\/2897"}],"collection":[{"href":"https:\/\/shop.monochrom.at\/index.php?rest_route=\/wp\/v2\/product"}],"about":[{"href":"https:\/\/shop.monochrom.at\/index.php?rest_route=\/wp\/v2\/types\/product"}],"replies":[{"embeddable":true,"href":"https:\/\/shop.monochrom.at\/index.php?rest_route=%2Fwp%2Fv2%2Fcomments&post=2897"}],"wp:featuredmedia":[{"embeddable":true,"href":"https:\/\/shop.monochrom.at\/index.php?rest_route=\/wp\/v2\/media\/2898"}],"wp:attachment":[{"href":"https:\/\/shop.monochrom.at\/index.php?rest_route=%2Fwp%2Fv2%2Fmedia&parent=2897"}],"curies":[{"name":"wp","href":"https:\/\/api.w.org\/{rel}","templated":true}]}}

<h4 class="singleTitle">paraflows 10</h4>
<p>Im 5. Jahr des Festivals paraflows in Wien geht es um die Verschränkung von Programm und Objekt. Die Trennung von Hardware und Software ist eine der Informationstechnologie zu Grunde liegende und oftmals werden beide Systeme als von einander getrennt wahrgenommen und verhandelt. paraflows .10 – MIND AND MATTER will das Miteinander, Nebeneinander und auch die gegenseitige Bedingtheit von Hard- und Software, Inhalt und Objekt in der zeitgenössischen Kunst zeigen. Welche Rolle spielt Hardware in der medialen Infrastruktur – wie sieht das Netz tatsächlich aus, auf welchen realen Pfeilern ruht die Virtualität? Wie sieht der skulpturale Prozess aus einem technologischen Blickwinkel aus? Welche Auswirkungen haben technische Möglichkeiten auf physische Repräsentanz? Welchen Herausforderungen muss sich die mediale Kunst stellen, wenn es um die Konservierung und Erhaltung von Arbeiten geht? Zusätzlich zu Applikationen muss auch die korrespondierende Hardware erhalten werden. Wie wirkt sich Zeit auf technologiebasierte Werke, Produktionsbedingungen und auch Archive aus? Geist und Körper sind untrennbar miteinander verbunden und doch besteht die Versuchung mentale Prozesse von der körperlichen Basis getrennt zu betrachten. Gibt es Gedanken, Persönlichkeit und Intelligenz ohne Körper? Oder in welchem Verhältnis steht das ästhetische Bild der Technologie zu seinem Kontext, welche Querverbindungen werden geschaffen?</p>
