{"id":2889,"date":"2014-09-19T12:31:12","date_gmt":"2014-09-19T10:31:12","guid":{"rendered":"https:\/\/testing.pixelcat.at\/?post_type=product&#038;p=2889"},"modified":"2024-01-15T00:00:51","modified_gmt":"2024-01-14T23:00:51","slug":"intimacy-2","status":"publish","type":"product","link":"https:\/\/shop.monochrom.at\/?product=intimacy-2","title":{"rendered":"Intimacy"},"content":{"rendered":"","protected":false},"excerpt":{"rendered":"<h4 class=\"singleTitle\">paraflows .9<\/h4>\n<p>Wie sieht menschliche N\u00e4he in unserer Zeit aus? Wie werden Freundschaften und Beziehungen angebahnt und erhalten? Welche Rolle spielen digitale Medien wie z.B. social media Plattformen dabei, nicht nur k\u00f6rperliche und r\u00e4umliche Distanzen sondern auch zeitliche H\u00fcrden zu \u00fcberwinden? Interaktionen und Kommunikation wird immer \u00f6fter technologiegest\u00fctzt ausge\u00fcbt. So entwickeln wir eine emotionale Verbindung zu Dingen, Devices, die uns erm\u00f6glichen am Netzwerk teilzuhaben. Auch tats\u00e4chliche Beziehungen zu leblosen Objekten werden aufgebaut, emotionale und auch sexuelle. Welche Konsequenzen ergeben sich aus der Substitution menschlicher N\u00e4he durch die Liebe zum Objekt? Technologie wird so personalisiert und so zur intimen Erweiterung unseres Handelns. Neue M\u00f6glichkeiten der Kontaktanbahnung tun sich auf, von einem riesigen online Dating Pool bis zu Gruppen mit speziellen Neigungen, Gleichgesinnte und f\u00fcr einander Bestimmte finden sich im Netz. Wie kann Technologie emotionale Momente unterst\u00fctzen, speichern, evaluieren oder sogar erzeugen? Mit Leichtigkeit werden Stimmungen und Gef\u00fchle, Bilder und Videos mit einer grossen, nahezu un\u00fcberschaubaren Menge an Menschen geteilt. Haben wir die Kontrolle \u00fcber unsere Inhalte abgegeben? Wie sieht es mit dem Schutz dieser digitalen Mitteilungen aus? Wer hat Einsicht und zieht Nutzen aus all diesen pers\u00f6nlichen Informationen? Und welche Auswirkungen hat das digitale auch unpers\u00f6nliche Kommunizieren auf den Menschen selbst? paraflows .9 INTIMACY m\u00f6chte feststellen wie es um die Privatsp\u00e4re steht, welche Ver\u00e4nderungen die j\u00fcngsten Entwicklungen mit sich bringen und wie die Gesellschaft darauf reagiert.<\/p>\n","protected":false},"featured_media":2890,"comment_status":"open","ping_status":"closed","template":"","meta":[],"class_list":{"0":"post-2889","1":"product","2":"type-product","3":"status-publish","4":"has-post-thumbnail","6":"product_cat-buecher","7":"product_cat-paraflows","8":"description-off","10":"first","11":"instock","12":"taxable","13":"shipping-taxable","14":"purchasable","15":"product-type-simple"},"_links":{"self":[{"href":"https:\/\/shop.monochrom.at\/index.php?rest_route=\/wp\/v2\/product\/2889"}],"collection":[{"href":"https:\/\/shop.monochrom.at\/index.php?rest_route=\/wp\/v2\/product"}],"about":[{"href":"https:\/\/shop.monochrom.at\/index.php?rest_route=\/wp\/v2\/types\/product"}],"replies":[{"embeddable":true,"href":"https:\/\/shop.monochrom.at\/index.php?rest_route=%2Fwp%2Fv2%2Fcomments&post=2889"}],"wp:featuredmedia":[{"embeddable":true,"href":"https:\/\/shop.monochrom.at\/index.php?rest_route=\/wp\/v2\/media\/2890"}],"wp:attachment":[{"href":"https:\/\/shop.monochrom.at\/index.php?rest_route=%2Fwp%2Fv2%2Fmedia&parent=2889"}],"curies":[{"name":"wp","href":"https:\/\/api.w.org\/{rel}","templated":true}]}}