{"id":2797,"date":"2015-05-18T15:58:45","date_gmt":"2015-05-18T13:58:45","guid":{"rendered":"https:\/\/testing.pixelcat.at\/?post_type=product&#038;p=2797"},"modified":"2021-12-14T23:06:53","modified_gmt":"2021-12-14T22:06:53","slug":"weiss-auf-weiss","status":"publish","type":"product","link":"https:\/\/shop.monochrom.at\/?product=weiss-auf-weiss","title":{"rendered":"Weiss auf weiss"},"content":{"rendered":"","protected":false},"excerpt":{"rendered":"<h4>Die Talkumklauberinnen vom Rabenwald<\/h4>\n<h4>Roswitha Weingrill<\/h4>\n<p class=\"align-justify\">Auf dem Bergr\u00fccken des Rabenwalds oberhalb der oststeirischen Gemeinde Anger wird seit mehr als hundert Jahren Talkum abgebaut. Einen wesentlichen Anteil an der historischen Produktion des Talkums leisteten Frauen, die den Rohabbruch des Minerals sortierten. Als Klauberinnen bestimmten sie den Weissgrad und damit die Reinheit des Materials, was wiederum die Anwendungsm\u00f6glichkeiten bestimmte. Die k\u00f6rperlich anstrengende Arbeit stellte eine der wenigen M\u00f6glichkeiten f\u00fcr Frauen im l\u00e4ndlichen Raum finanzielle Unabh\u00e4ngigkeit zu erlangen. Seit den 1990ern wird die Sortierung des Minerals maschinell erledigt, die Gemeinschaft der Sortierfrauen l\u00f6st sich auf und das Wissen um ihren Beruf beginnt zu verschwinden. Ausgehend vom steirischen Kunst- und Kulturfestival komm.st im Jahr 2013 vereint dieses Buch Interviews mit ehemaligen Sortiererinnnen mit einer k\u00fcnstlerischen Auslotung von \u00e4sthetisch &#8211; sozialen Aspekten der Darstellung weiblicher Handarbeit.<\/p>\n","protected":false},"featured_media":2798,"comment_status":"open","ping_status":"closed","template":"","meta":[],"class_list":{"0":"post-2797","1":"product","2":"type-product","3":"status-publish","4":"has-post-thumbnail","6":"product_cat-buecher","7":"product_cat-kunstbuecher","8":"description-off","10":"first","11":"outofstock","12":"taxable","13":"shipping-taxable","14":"purchasable","15":"product-type-simple"},"_links":{"self":[{"href":"https:\/\/shop.monochrom.at\/index.php?rest_route=\/wp\/v2\/product\/2797"}],"collection":[{"href":"https:\/\/shop.monochrom.at\/index.php?rest_route=\/wp\/v2\/product"}],"about":[{"href":"https:\/\/shop.monochrom.at\/index.php?rest_route=\/wp\/v2\/types\/product"}],"replies":[{"embeddable":true,"href":"https:\/\/shop.monochrom.at\/index.php?rest_route=%2Fwp%2Fv2%2Fcomments&post=2797"}],"wp:featuredmedia":[{"embeddable":true,"href":"https:\/\/shop.monochrom.at\/index.php?rest_route=\/wp\/v2\/media\/2798"}],"wp:attachment":[{"href":"https:\/\/shop.monochrom.at\/index.php?rest_route=%2Fwp%2Fv2%2Fmedia&parent=2797"}],"curies":[{"name":"wp","href":"https:\/\/api.w.org\/{rel}","templated":true}]}}