{"id":2793,"date":"2017-08-25T15:42:47","date_gmt":"2017-08-25T13:42:47","guid":{"rendered":"https:\/\/testing.pixelcat.at\/?post_type=product&#038;p=2793"},"modified":"2024-01-15T00:00:31","modified_gmt":"2024-01-14T23:00:31","slug":"juliana-herrero-rem-11","status":"publish","type":"product","link":"https:\/\/shop.monochrom.at\/?product=juliana-herrero-rem-11","title":{"rendered":"Juliana Herrero &#8211; REM 1:1"},"content":{"rendered":"","protected":false},"excerpt":{"rendered":"<h4>REM 1:1 &#8211; A printed piece of time capsules and more with invited voices and voice over<\/h4>\n<div class=\"align-left\">\n<p class=\"align-justify\">Mit dem Katalog REM 1:1 liegt nun erstmals eine umfangreiche Werkaufarbeitung von Juliana Herrero vor, die das bisherige Werk der argentinisch-\u00f6sterreichischen K\u00fcnstlerin versammelt, diskutiert und dokumentiert. Juliana Herrero stellt in ihren Arbeiten visuellen Eindr\u00fccken Klangr\u00e4ume gegen\u00fcber. Sie dringt in ihren Interventionen an die\u00a0 Grenzen von Provokation, konzentrierter Wahrnehmung und des Utopischen vor. Ihre Installationen markieren eine neue konzeptionelle Entwicklung, denn obwohl statisch, setzten sie durch Klangvibrationen kinetische Energie im Dialog zwischen analoger und digitaler Technik frei.<\/p>\n<\/div>\n","protected":false},"featured_media":2794,"comment_status":"open","ping_status":"closed","template":"","meta":[],"class_list":{"0":"post-2793","1":"product","2":"type-product","3":"status-publish","4":"has-post-thumbnail","6":"product_cat-buecher","7":"product_cat-kunstbuecher","8":"description-off","10":"first","11":"instock","12":"taxable","13":"shipping-taxable","14":"purchasable","15":"product-type-simple"},"_links":{"self":[{"href":"https:\/\/shop.monochrom.at\/index.php?rest_route=\/wp\/v2\/product\/2793"}],"collection":[{"href":"https:\/\/shop.monochrom.at\/index.php?rest_route=\/wp\/v2\/product"}],"about":[{"href":"https:\/\/shop.monochrom.at\/index.php?rest_route=\/wp\/v2\/types\/product"}],"replies":[{"embeddable":true,"href":"https:\/\/shop.monochrom.at\/index.php?rest_route=%2Fwp%2Fv2%2Fcomments&post=2793"}],"wp:featuredmedia":[{"embeddable":true,"href":"https:\/\/shop.monochrom.at\/index.php?rest_route=\/wp\/v2\/media\/2794"}],"wp:attachment":[{"href":"https:\/\/shop.monochrom.at\/index.php?rest_route=%2Fwp%2Fv2%2Fmedia&parent=2793"}],"curies":[{"name":"wp","href":"https:\/\/api.w.org\/{rel}","templated":true}]}}