{"id":2678,"date":"2019-08-13T14:07:23","date_gmt":"2019-08-13T12:07:23","guid":{"rendered":"https:\/\/testing.pixelcat.at\/?post_type=product&#038;p=2678"},"modified":"2024-01-15T00:00:25","modified_gmt":"2024-01-14T23:00:25","slug":"preis-der-freien-szene-wiens-2019","status":"publish","type":"product","link":"https:\/\/shop.monochrom.at\/?product=preis-der-freien-szene-wiens-2019","title":{"rendered":"Preis der freien Szene Wiens 2019"},"content":{"rendered":"","protected":false},"excerpt":{"rendered":"<p>Um die offensichtlich notwendige Vernetzung freier Kulturinitiativen weiter voranzutreiben und ihrem Schaffen zus\u00e4tzliche Sichtbarkeit zu verleihen, vergibt die IG Kultur Wien auch 2019 wieder den Preis der freien Szene. 56 Einreichungen f\u00fcr den Preis der Freien Szene Wiens f\u00fchren uns auch heuer wieder die Aktivit\u00e4t und Bandbreite der Freien Wiener Kulturszene vor Augen.<\/p>\n","protected":false},"featured_media":2679,"comment_status":"open","ping_status":"closed","template":"","meta":[],"class_list":{"0":"post-2678","1":"product","2":"type-product","3":"status-publish","4":"has-post-thumbnail","6":"product_cat-buecher","7":"product_cat-ig-kultur-wien","8":"product_cat-neu","9":"description-off","11":"first","12":"instock","13":"taxable","14":"shipping-taxable","15":"purchasable","16":"product-type-simple"},"_links":{"self":[{"href":"https:\/\/shop.monochrom.at\/index.php?rest_route=\/wp\/v2\/product\/2678"}],"collection":[{"href":"https:\/\/shop.monochrom.at\/index.php?rest_route=\/wp\/v2\/product"}],"about":[{"href":"https:\/\/shop.monochrom.at\/index.php?rest_route=\/wp\/v2\/types\/product"}],"replies":[{"embeddable":true,"href":"https:\/\/shop.monochrom.at\/index.php?rest_route=%2Fwp%2Fv2%2Fcomments&post=2678"}],"wp:featuredmedia":[{"embeddable":true,"href":"https:\/\/shop.monochrom.at\/index.php?rest_route=\/wp\/v2\/media\/2679"}],"wp:attachment":[{"href":"https:\/\/shop.monochrom.at\/index.php?rest_route=%2Fwp%2Fv2%2Fmedia&parent=2678"}],"curies":[{"name":"wp","href":"https:\/\/api.w.org\/{rel}","templated":true}]}}